actor of 55 and 4835105.
55
What is the highest common divisor of 48901 and 316?
79
Calculate the highest common factor of 414 and 24120.
18
Calculate the highest common factor of 8 and 464584.
8
Calculate the greatest common factor of 125 and 186050.
25
What is the highest common divisor of 1001039 and 26?
13
What is the highest common factor of 274543 and 145?
29
Calculate the highest common factor of 162 and 1130274.
162
Calculate the highest common divisor of 204 and 91476.
12
What is the highest common factor of 3135 and 308055?
165
What is the highest common divisor of 1941 and 5?
1
Calculate the highest common factor of 904 and 5168168.
904
What is the greatest common divisor of 39162 and 4758?
366
Calculate the highest common divisor of 330726 and 88.
22
Calculate the greatest common divisor of 285217 and 10258.
223
What is the greatest common factor of 124 and 822058?
62
Calculate the highest common factor of 10 and 591970.
10
What is the highest common divisor of 134694 and 1974?
42
What is the highest common divisor of 68 and 311066?
34
What is the greatest common factor of 5 and 6362835?
5
What is the greatest common factor of 250807 and 1?
1
What is the highest common divisor of 10050 and 18?
6
What is the greatest common factor of 1349145 and 4095?
315
What is the highest common factor of 2052 and 4176?
36
What is the highest common factor of 773466 and 510?
102
Calculate the greatest common divisor of 88060 and 140.
140
What is the greatest common divisor of 108092 and 143532?
1772
Calculate the greatest common factor of 13515 and 1.
1
What is the greatest common divisor of 986 and 17?
17
What is the highest common divisor of 250 and 86950?
50
What is the highest common factor of 49005 and 7524?
99
What is the highest common divisor of 26368 and 28928?
256
What is the highest common factor of 18 and 39222?
18
Calculate the highest common divisor of 17 and 342737.
17
Calculate the highest common factor of 4268 and 484.
44
Calculate the highest common factor of 31882 and 57.
19
Calculate the highest common divisor of 832 and 9373.
13
What is the greatest common divisor of 9027 and 3540?
177
Calculate the highest common factor of 3132 and 8613.
783
Calculate the greatest common divisor of 144 and 85792.
16
What is the highest common divisor of 81 and 64827?
27
Calculate the greatest common factor of 203 and 10159541.
203
Calculate the greatest common factor of 212 and 903226.
106
What is the highest common factor of 242088 and 77?
77
What is the greatest common divisor of 806 and 64418?
62
Calculate the highest common factor of 581108 and 22231.
517
Calculate the greatest common factor of 1140 and 6915.
15
What is the highest common divisor of 208749 and 467?
467
Calculate the greatest common divisor of 268 and 38927.
67
What is the greatest common factor of 1539 and 9405?
171
Calculate the greatest common factor of 21266 and 248.
62
Calculate the greatest common factor of 355316 and 728.
52
What is the greatest common factor of 464 and 312794?
58
What is the highest common factor of 620432 and 1088?
272
What is the highest common divisor of 11345 and 35?
5
What is the highest common factor of 134592 and 192?
192
What is the greatest common divisor of 53248 and 11776?
512
Calculate the highest common divisor of 620 and 465.
155
Calculate the highest common factor of 18160 and 291468.
908
Calculate the greatest common divisor of 682 and 20026.
62
Calculate the greatest common factor of 310 and 40470.
10
What is the highest common divisor of 165 and 26862?
33
What is the greatest common factor of 268 and 32?
4
What is the highest common divisor of 45 and 223515?
45
Calculate the greatest common divisor of 22161 and 1157.
89
Calculate the highest common divisor of 16940 and 252.
28
Calculate the greatest common factor of 245150 and 40.
10
What is the greatest common divisor of 335286 and 21?
21
Calculate the greatest common factor of 194 and 201469.
97
Calculate the highest common divisor of 209 and 285.
19
Calculate the highest common factor of 257677 and 16860.
281
Calculate the highest common divisor of 351956 and 1263.
421
Calculate the greatest common factor of 1154 and 69817.
577
What is the greatest common factor of 15283 and 18734?
493
Calculate the greatest common factor of 148797 and 9.
9
Calculate the greatest common divisor of 289317 and 3864.
483
What is the greatest common factor of 2 and 1055882?
2
Calculate the greatest common divisor of 318 and 718.
2
Calculate the highest common factor of 139057 and 1446.
241
Calculate the highest common divisor of 624 and 14904.
24
Calculate the highest common factor of 1989 and 1053.
117
What is the greatest common divisor of 37228 and 328?
164
Calculate the greatest common divisor of 171390 and 290.
290
What is the highest common divisor of 405 and 144750?
15
Calculate the greatest common factor of 18172 and 2464.
308
Calculate the highest common divisor of 3401 and 190.
19
Calculate the highest common divisor of 45192 and 4.
4
Calculate the greatest common divisor of 1716 and 335049.
429
Calculate the highest common factor of 545 and 1385.
5
Calculate the greatest common divisor of 776 and 400.
8
What is the highest common divisor of 704452 and 834?
278
What is the greatest common divisor of 431552 and 110?
22
What is the highest common factor of 17582 and 6372?
118
Calculate the highest common factor of 30 and 124130.
10
Calculate the highest common factor of 28160 and 81070.
110
What is the highest common divisor of 3990 and 121590?
210
Calculate the highest common divisor of 279 and 252867.
93
Calculate the highest common divisor of 1738 and 77.
11
Calculate the greatest common factor of 2827 and 1199.
11
Calculate the highest common divisor of 562 and 778.
2
Calculate the highest common divisor of 2043 and 1244868.
681
Calculate the highest common divisor of 1041 and 1176.
3
What is the greatest common divisor of 4157562 and 6?
6
Calculate the highest common divisor of 157170 and 31.
31
What is the greatest common divisor of 26666 and 134?
134
Calculate the greatest common divisor of 373750 and 920.
230
What is the greatest common divisor of 10 and 18462?
2
What is the greatest common factor of 63008 and 1253?
179
Calculate the highest common divisor of 2016278 and 1628.
814
What is the greatest common divisor of 576384 and 16?
16
What is the highest common divisor of 6032 and 6448?
208
Calculate the greatest common factor of 39092 and 116.
116
Calculate the greatest common divisor of 11324 and 1748.
76
What is the greatest common divisor of 1470 and 8526?
294
Calculate the highest common factor of 2814 and 966.
42
Calculate the greatest common divisor of 88 and 275.
11
What is the highest common divisor of 38 and 1935207?
19
What is the greatest common divisor of 201216 and 384?
384
What is the highest common factor of 456 and 117268?
76
What is the highest common divisor of 22376 and 632?
8
Calculate the highest common factor of 1113 and 72282.
21
Calculate the greatest common divisor of 726 and 32252.
22
Calculate the greatest common factor of 276509 and 201.
67
What is the highest common factor of 3772559 and 49?
49
Calculate the greatest common factor of 42 and 237216.
42
Calculate the highest common factor of 3156 and 708.
12
Calculate the greatest common factor of 23392 and 1978.
86
What is the greatest common factor of 124310 and 31?
31
Calculate the highest common divisor of 2448 and 3400.
136
What is the greatest common factor of 114762 and 744?
186
What is the highest common factor of 878196 and 132?
132
Calculate the greatest common factor of 654 and 102896.
218
Calculate the greatest common divisor of 116 and 343998.
58
Calculate the highest common factor of 582 and 12416.
194
What is the greatest common factor of 56 and 95704?
56
What is the greatest common factor of 1653 and 494?
19
Calculate the highest common divisor of 73 and 836653.
73
What is the highest common factor of 132925 and 1227?
409
What is the greatest common divisor of 14 and 12047?
7
Calculate the greatest common factor of 832 and 900692.
52
Calculate the greatest common divisor of 107703 and 486.
27
Calculate the highest common factor of 35 and 41755.
35
What is the greatest common diviso